{"id":374,"date":"2022-03-28T00:13:47","date_gmt":"2022-03-27T23:13:47","guid":{"rendered":"https:\/\/unduoroliste.net\/?page_id=374"},"modified":"2023-11-19T19:41:01","modified_gmt":"2023-11-19T18:41:01","slug":"vous-sortez-du-magasin","status":"publish","type":"page","link":"https:\/\/unduoroliste.net\/?page_id=374","title":{"rendered":"Vous sortez du magasin&#8230;"},"content":{"rendered":"\n<figure class=\"wp-block-embed is-type-rich is-provider-prise-en-charge-des-contenus-embarqu-s wp-block-embed-prise-en-charge-des-contenus-embarqu-s\"><div class=\"wp-block-embed__wrapper\">\n<audio class=\"wp-audio-shortcode\" id=\"audio-374-1\" preload=\"none\" style=\"width: 100%;\" controls=\"controls\"><source type=\"audio\/mpeg\" src=\"https:\/\/unduoroliste.net\/wp-content\/uploads\/2022\/03\/1DR_LADVEH_US_26.mp3?_=1\" \/><a href=\"https:\/\/unduoroliste.net\/wp-content\/uploads\/2022\/03\/1DR_LADVEH_US_26.mp3\">https:\/\/unduoroliste.net\/wp-content\/uploads\/2022\/03\/1DR_LADVEH_US_26.mp3<\/a><\/audio>\n<\/div><\/figure>\n\n\n<div class=\"bg-margin-for-link\"><input type='hidden' bg_collapse_expand='69e565f6920ee1088935396' value='69e565f6920ee1088935396'><input type='hidden' id='bg-show-more-text-69e565f6920ee1088935396' value='Transcription'><input type='hidden' id='bg-show-less-text-69e565f6920ee1088935396' value='Fermer la Transcription'><a id='bg-showmore-action-69e565f6920ee1088935396' class='bg-showmore-plg-link  '  style=\" color:inherit;;\" href='#'>Transcription<\/a><div id='bg-showmore-hidden-69e565f6920ee1088935396' ><\/p>\n\n\n\n<p class=\"\">Vous sortez du magasin et repensez \u00e0 toutes les \u00e9preuves que vous avez d\u00fb affronter pour arriver \u00e0 votre but : vous avez affront\u00e9 votre N\u00e9m\u00e9sis, calm\u00e9 une foule en furie, battu \u00e0 son propre jeu un champion et prouv\u00e9 votre valeur aupr\u00e8s d&#8217;une figure d&#8217;autorit\u00e9. C&#8217;est une aventure digne d&#8217;\u00eatre racont\u00e9e pendant un si\u00e8cle au moins !<\/p>\n\n\n\n<p class=\"\">&lt; musique &gt; Et alors que vous dirigez vers l&#8217;arr\u00eat de bus, vous entendez une musique famili\u00e8re. Serait-il possible que tout ceci n&#8217;ait \u00e9t\u00e9 qu&#8217;un r\u00eave ? &lt; pause &gt; Certainement pas ! Vous avez eu l&#8217;Ultime Suppl\u00e9ment et il est hors de question que vous l&#8217;abandonniez !<\/p>\n\n\n\n<p class=\"\"><\/div><\/div>\n\n\n\n<p class=\"\"><\/p>\n\n\n\n<p class=\"\"><\/p>\n\n\n\n<p class=\"has-medium-font-size\"><em>F\u00e9licitations ! Vous avez compl\u00e9t\u00e9 cette aventure avec succ\u00e8s !<\/em><\/p>\n\n\n\n<p class=\"has-medium-font-size\"><em>Nous esp\u00e9rons qu&#8217;elle vous a plu et que vous avez pass\u00e9 un bon moment. Si vous voulez vous vanter aupr\u00e8s de toute le monde, cliquez sur le bouton ci-dessous pour poster un message sur Twitter.<\/em><\/p>\n\n\n<p>[bctt tweet=&#8221;J&#8217;ai termin\u00e9 avec succ\u00e8s l&#8217;Ultime Suppl\u00e9ment, le Livre Audio Dont Vous Etes le H\u00e9ros d&#8217;@unduoroliste ! #jdr&#8221; url=&#8221;https:\/\/unduoroliste.net\/?page_id=180&#8243; prompt=&#8221;vantez-vous sur twitter&#8221;]<\/p>\n\n\n\n<p class=\"has-medium-font-size\">Pour voir les cr\u00e9dits et d\u00e9couvrir toutes les r\u00e9f\u00e9rences geeks que nous avons utilis\u00e9es, <a href=\"https:\/\/unduoroliste.net\/?page_id=451\">allez ici<\/a>.<\/p>\n\n\n\n<h3 class=\"wp-block-heading has-text-color\" style=\"color:#075ce3\">Mode JdR (\u00a7)<\/h3>\n\n\n\n<p class=\"has-text-color has-medium-font-size\" style=\"color:#075ce3\"><strong>ATTENDEZ !<\/strong> Vous avez eu deux \u00e9toiles ou plus ? Alors quelque chose de sp\u00e9cial vous attend. <a href=\"https:\/\/unduoroliste.net\/?page_id=383\">Allez ici<\/a>.<\/p>\n\n\n<div class=\"wp-block-image\">\n<figure class=\"aligncenter size-full\"><img data-recalc-dims=\"1\" loading=\"lazy\" decoding=\"async\" width=\"322\" height=\"250\" src=\"https:\/\/i0.wp.com\/unduoroliste.net\/wp-content\/uploads\/2022\/03\/LADVEH-US-31.png?resize=322%2C250&#038;ssl=1\" alt=\"\" class=\"wp-image-277\" srcset=\"https:\/\/i0.wp.com\/unduoroliste.net\/wp-content\/uploads\/2022\/03\/LADVEH-US-31.png?w=322&amp;ssl=1 322w, https:\/\/i0.wp.com\/unduoroliste.net\/wp-content\/uploads\/2022\/03\/LADVEH-US-31.png?resize=300%2C233&amp;ssl=1 300w\" sizes=\"auto, (max-width: 322px) 100vw, 322px\" \/><\/figure>\n<\/div>","protected":false},"excerpt":{"rendered":"<p>F\u00e9licitations ! Vous avez compl\u00e9t\u00e9 cette aventure avec succ\u00e8s ! Nous esp\u00e9rons qu&#8217;elle vous a plu et que vous avez pass\u00e9 un bon moment. Si vous voulez vous vanter aupr\u00e8s [&hellip;]<\/p>\n","protected":false},"author":2,"featured_media":0,"parent":180,"menu_order":0,"comment_status":"closed","ping_status":"closed","template":"","meta":{"nf_dc_page":"","footnotes":""},"class_list":["post-374","page","type-page","status-publish","hentry"],"aioseo_notices":[],"jetpack_sharing_enabled":true,"_links":{"self":[{"href":"https:\/\/unduoroliste.net\/index.php?rest_route=\/wp\/v2\/pages\/374","targetHints":{"allow":["GET"]}}],"collection":[{"href":"https:\/\/unduoroliste.net\/index.php?rest_route=\/wp\/v2\/pages"}],"about":[{"href":"https:\/\/unduoroliste.net\/index.php?rest_route=\/wp\/v2\/types\/page"}],"author":[{"embeddable":true,"href":"https:\/\/unduoroliste.net\/index.php?rest_route=\/wp\/v2\/users\/2"}],"replies":[{"embeddable":true,"href":"https:\/\/unduoroliste.net\/index.php?rest_route=%2Fwp%2Fv2%2Fcomments&post=374"}],"version-history":[{"count":5,"href":"https:\/\/unduoroliste.net\/index.php?rest_route=\/wp\/v2\/pages\/374\/revisions"}],"predecessor-version":[{"id":6043,"href":"https:\/\/unduoroliste.net\/index.php?rest_route=\/wp\/v2\/pages\/374\/revisions\/6043"}],"up":[{"embeddable":true,"href":"https:\/\/unduoroliste.net\/index.php?rest_route=\/wp\/v2\/pages\/180"}],"wp:attachment":[{"href":"https:\/\/unduoroliste.net\/index.php?rest_route=%2Fwp%2Fv2%2Fmedia&parent=374"}],"curies":[{"name":"wp","href":"https:\/\/api.w.org\/{rel}","templated":true}]}}