{"id":368,"date":"2022-03-27T22:43:32","date_gmt":"2022-03-27T21:43:32","guid":{"rendered":"https:\/\/unduoroliste.net\/?page_id=368"},"modified":"2023-11-19T19:43:19","modified_gmt":"2023-11-19T18:43:19","slug":"vous-jouez-votre-jeu-le-plus-agressif","status":"publish","type":"page","link":"https:\/\/unduoroliste.net\/?page_id=368","title":{"rendered":"Vous jouez votre jeu le plus agressif"},"content":{"rendered":"\n<figure class=\"wp-block-embed is-type-rich is-provider-prise-en-charge-des-contenus-embarques wp-block-embed-prise-en-charge-des-contenus-embarques\"><div class=\"wp-block-embed__wrapper\">\n<audio class=\"wp-audio-shortcode\" id=\"audio-368-1\" preload=\"none\" style=\"width: 100%;\" controls=\"controls\"><source type=\"audio\/mpeg\" src=\"https:\/\/unduoroliste.net\/wp-content\/uploads\/2022\/03\/1DR_LADVEH_US_23.mp3?_=1\" \/><a href=\"https:\/\/unduoroliste.net\/wp-content\/uploads\/2022\/03\/1DR_LADVEH_US_23.mp3\">https:\/\/unduoroliste.net\/wp-content\/uploads\/2022\/03\/1DR_LADVEH_US_23.mp3<\/a><\/audio>\n<\/div><\/figure>\n\n\n<div class=\"bg-margin-for-link\"><input type='hidden' bg_collapse_expand='69e50b6d4a3514019398798' value='69e50b6d4a3514019398798'><input type='hidden' id='bg-show-more-text-69e50b6d4a3514019398798' value='Transcription'><input type='hidden' id='bg-show-less-text-69e50b6d4a3514019398798' value='Fermer la Transcription'><a id='bg-showmore-action-69e50b6d4a3514019398798' class='bg-showmore-plg-link  '  style=\" color:inherit;;\" href='#'>Transcription<\/a><div id='bg-showmore-hidden-69e50b6d4a3514019398798' ><\/p>\n\n\n\n<p>Vous jouez votre jeu le plus agressif. Vos terrains se tapent et d\u00e9tapent tellement vite qu&#8217;un dirait qu&#8217;ils dansent. Les monstres apparaissent les uns apr\u00e8s les autres, attaquant sans rel\u00e2che. Mais votre strat\u00e9gie est vou\u00e9e \u00e0 l&#8217;\u00e9chec. Navet contre tous vos assauts, paralysent vos cr\u00e9atures et les retournent contre vous. Vous est battu(e) en quelques tours \u00e0 peine\u2026<\/p>\n\n\n\n<p>Navet vous regarde, d\u00e9pit\u00e9. &#8220;\u00c7a ne m&#8217;a m\u00eame pas amus\u00e9. Je croyais que tu savais jouer au moins un peu.&#8221; Ne vous laissant par r\u00e9pondre, il se retourne vers la foule et s&#8217;\u00e9crie : &#8220;H\u00e9 regardez : je crois que j&#8217;ai trouv\u00e9 quelqu&#8217;un qui resquille !&#8221; Et il vous pointe du doigt.<\/p>\n\n\n\n<p>Les personnes dans la file sont furieuses, certaines commencent m\u00eame \u00e0 vous insultez. D\u00e9couvert(e) et honteux(se), vous n&#8217;avez pas le choix que de ressortir et vous mettre \u00e0 la fin de la file, sous le regard courrouc\u00e9 des autres rolistes. Une heure passe et vous attendez toujours dehors, puis Marie annonce qu&#8217;il n&#8217;y a plus d&#8217;exemplaires de l&#8217;Ultime Suppl\u00e9ment. D\u00e9sesp\u00e9r\u00e9(e), vous vous retournez et vous dirigez en direction de l&#8217;arr\u00eat de bus.<\/p>\n\n\n\n<p>&lt; musique &gt; Mais alors que tout espoir vous a quitt\u00e9, vous entendez une musique famili\u00e8re. Serait-il possible que tout ceci n&#8217;ait \u00e9t\u00e9 qu&#8217;un r\u00eave ?<\/p>\n\n\n\n<p><\/div><\/div>\n\n\n\n<p><\/p>\n\n\n\n<p><\/p>\n\n\n\n<p class=\"has-medium-font-size\"><a href=\"https:\/\/unduoroliste.net\/?page_id=387\">Allez ici<\/a>.<\/p>\n\n\n\n<div class=\"wp-block-image\"><figure class=\"aligncenter size-full\"><img data-recalc-dims=\"1\" loading=\"lazy\" decoding=\"async\" width=\"750\" height=\"422\" src=\"https:\/\/i0.wp.com\/unduoroliste.net\/wp-content\/uploads\/2022\/03\/LADVEH-US-20.jpg?resize=750%2C422&#038;ssl=1\" alt=\"\" class=\"wp-image-268\" srcset=\"https:\/\/i0.wp.com\/unduoroliste.net\/wp-content\/uploads\/2022\/03\/LADVEH-US-20.jpg?w=800&amp;ssl=1 800w, https:\/\/i0.wp.com\/unduoroliste.net\/wp-content\/uploads\/2022\/03\/LADVEH-US-20.jpg?resize=300%2C169&amp;ssl=1 300w, https:\/\/i0.wp.com\/unduoroliste.net\/wp-content\/uploads\/2022\/03\/LADVEH-US-20.jpg?resize=768%2C432&amp;ssl=1 768w\" sizes=\"auto, (max-width: 750px) 100vw, 750px\" \/><\/figure><\/div>\n","protected":false},"excerpt":{"rendered":"<p>Allez ici.<\/p>\n","protected":false},"author":2,"featured_media":0,"parent":180,"menu_order":0,"comment_status":"closed","ping_status":"closed","template":"","meta":{"nf_dc_page":"","footnotes":""},"class_list":["post-368","page","type-page","status-publish","hentry"],"aioseo_notices":[],"jetpack_sharing_enabled":true,"_links":{"self":[{"href":"https:\/\/unduoroliste.net\/index.php?rest_route=\/wp\/v2\/pages\/368","targetHints":{"allow":["GET"]}}],"collection":[{"href":"https:\/\/unduoroliste.net\/index.php?rest_route=\/wp\/v2\/pages"}],"about":[{"href":"https:\/\/unduoroliste.net\/index.php?rest_route=\/wp\/v2\/types\/page"}],"author":[{"embeddable":true,"href":"https:\/\/unduoroliste.net\/index.php?rest_route=\/wp\/v2\/users\/2"}],"replies":[{"embeddable":true,"href":"https:\/\/unduoroliste.net\/index.php?rest_route=%2Fwp%2Fv2%2Fcomments&post=368"}],"version-history":[{"count":4,"href":"https:\/\/unduoroliste.net\/index.php?rest_route=\/wp\/v2\/pages\/368\/revisions"}],"predecessor-version":[{"id":520,"href":"https:\/\/unduoroliste.net\/index.php?rest_route=\/wp\/v2\/pages\/368\/revisions\/520"}],"up":[{"embeddable":true,"href":"https:\/\/unduoroliste.net\/index.php?rest_route=\/wp\/v2\/pages\/180"}],"wp:attachment":[{"href":"https:\/\/unduoroliste.net\/index.php?rest_route=%2Fwp%2Fv2%2Fmedia&parent=368"}],"curies":[{"name":"wp","href":"https:\/\/api.w.org\/{rel}","templated":true}]}}